divided by 15?
12
Let r be 2/(-1)*(0 - -4). Let g = 2 - r. Calculate the remainder when 29 is divided by g.
9
Let w = 7 + -6. Suppose 2*o + 3*o = 85. What is the remainder when o is divided by (-5 - -2)*(w - 4)?
8
Let r(s) = 3*s**2 - s + 4. Suppose -4*c + 4 = -4. Suppose 5*f = 3*v + 11 + 37, -4*f + c*v + 40 = 0. Calculate the remainder when r(-3) is divided by f.
10
Suppose -34 = -2*t + 5*f, -f + 40 = 5*t - 18. Let u(q) = 2*q + 1. What is the remainder when t is divided by u(3)?
5
Calculate the remainder when ((-74)/6)/((-4)/36) is divided by 16.
15
What is the remainder when (-120)/10*30/(-8) is divided by 23?
22
Let d = 51 + -34. Calculate the remainder when 31 is divided by d.
14
Let w(h) = -43*h**3 - 2*h**2 - h. Let k be w(-1). Suppose 2*c = -3*d + 3*c + k, 3*d = 3*c + 36. Let i = -9 + d. Calculate the remainder when 16 is divided by i.
4
Suppose -4*y = -8*y - u + 86, 3*y + 2*u = 62. Calculate the remainder when -2*(-1 - 22 - -2) is divided by y.
20
Suppose 5*y = 15 + 205. Suppose 0*d + 4*d = y. Let x(s) = 2*s - 6. What is the remainder when d is divided by x(6)?
5
Let d be 1*-6*(-4)/8. Suppose -d*b + 6 = 3. What is the remainder when b is divided by 1?
0
Suppose -3*t - 29 = -89. Suppose 6*q = q + t. Suppose q*y = y + 15. What is the remainder when 13 is divided by y?
3
Let s = 28 + -7. Let u = -8 + 10. Suppose -b = 4*q - 45, -u*b - 2*q = -4*q - 130. Calculate the remainder when b is divided by s.
19
Let f = 30 + -1. Calculate the remainder when f is divided by -5*2/4*-6.
14
Let j(z) = -z**3 - 3*z**2 - 3*z - 2. Let a be j(-2). Suppose 12 = -2*n - a*n. Let o(r) = -r**2 - 12*r + 7. Calculate the remainder when o(n) is divided by 15.
13
Let c = 10 + -5. Suppose 32 = 2*o + o + 4*y, c*y - 10 = 0. Calculate the remainder when 22 is divided by o.
6
Let q(t) = t - t - 8*t. Let h be q(-4). Let v = h - 18. What is the remainder when v is divided by 8?
6
Suppose -m + 2*i - 1 = 2*m, 4*i = -4*m + 32. Suppose m*d + 0 = 12. Suppose -2*p - 20 = -d*p. What is the remainder when 39 is divided by p?
9
Let a(z) = -39*z - 1. Let u be a(-4). Suppose 10*f - u = 5*f. What is the remainder when 60 is divided by f?
29
Suppose 5*h = 4*h + 35. Suppose -27 = -f + 55. Suppose 28 = -3*w + f. Calculate the remainder when h is divided by w.
17
Let n(u) = u**3 + 8*u**2 + 16. Suppose -5*v - 40 = -0*v. Suppose 0 = -4*l + 3*l + 6. What is the remainder when n(v) is divided by l?
4
Let q(x) = 42*x**3 - 1. Suppose 1 + 10 = p + 5*w, -22 = -2*p + 4*w. Calculate the remainder when q(1) is divided by p.
8
Let u = 3 + 3. Let v(w) = 7*w**2 - 3*w**3 + 3*w**3 - 2 - 3*w - w**3. Calculate the remainder when v(u) is divided by 6.
4
Suppose 15 = -4*v + 63. Suppose h + 3*h = v. Suppose 4*z + 0*z - 32 = 0. Calculate the remainder when z is divided by h.
2
Suppose -3*p = -5*j + 45, 0 = -5*p + j + j - 94. Calculate the remainder when 17 is divided by (p/6)/((-2)/3).
2
Let p(r) = 6*r**2 - r**3 + 2*r + 2*r - 6*r + 0*r**3 - 5. Calculate the remainder when 19 is divided by p(5).
9
Let p(f) = -2*f - 8. Let y be p(-6). Let s(h) = h**3 - h - 3. What is the remainder when s(y) is divided by 29?
28
Suppose -2*t + s = 4*s + 4, 2*t - 5*s + 4 = 0. Calculate the remainder when 45 is divided by 99/6 - t/(-4).
13
Let w = -145 - -178. What is the remainder when 120 is divided by w?
21
Suppose 0 = -0*a - 4*a. Suppose a = 2*q + q - 279. Suppose 3*b = q - 36. Calculate the remainder when b is divided by 7.
5
Let j = 2 - 0. Suppose 0 = -3*s - j*s + 5*q + 30, 0 = 5*s - q - 38. Suppose -4*y - s = -72. What is the remainder when 45 is divided by y?
13
Suppose 0*w = -w + 10. Calculate the remainder when 19 is divided by w.
9
Let n be ((-45)/3 - -1)*-2. Suppose -4*p + n = 4*l, 0 = 2*p - 3*p + 2. Suppose l*d - 7*d + 4 = 0. Calculate the remainder when d is divided by 1.
0
Let w(l) = 3*l + 26*l**2 - 1 + 13*l**2 - l. Let d(r) = r**2 + 3*r + 3. Let c be d(-2). What is the remainder when w(c) is divided by 14?
12
Let s(w) = w**2 - 6*w + 5. Let c be s(6). Let y(z) = -6*z - 4 - 4*z**2 + z**3 + 11 + 0*z**3. Calculate the remainder when 4 is divided by y(c).
0
Let w = 9 - -4. Calculate the remainder when ((-210)/5)/(-2) + 3 is divided by w.
11
Let w(b) = -b**2 + 13*b - 6. What is the remainder when 27 is divided by w(11)?
11
Let i(p) = p**2 - p - 12. What is the remainder when 118 is divided by i(-6)?
28
Let m(v) = v**3 - v + 28. Suppose -3*a + 8*a - 5*g - 40 = 0, -5*a = -4*g - 42. Suppose 3*l = 2*l + a. What is the remainder when m(0) is divided by l?
8
Let h(t) = t**2 - 3*t + 9. Suppose -2*u + 43 - 15 = -2*q, -2*u + 4*q = -38. Let z = u - 4. Calculate the remainder when h(0) is divided by z.
4
Let q(i) = 3*i + 12. Let o(n) = -9*n - 35. Let r(p) = 6*o(p) + 17*q(p). What is the remainder when 17 is divided by r(-5)?
8
Calculate the remainder when (-70)/(-6) + (-2)/3 is divided by 29/4 - (-1)/(-4).
4
Let v = 3 + -8. Let o(k) = -k - 2. Let i be o(v). Suppose 0*w = -3*w - q + 38, w = -i*q + 18. What is the remainder when 23 is divided by w?
11
Let r be (-2 - 3) + (4 - 2). Let o be 436/(-12) + (-1)/r. Let b = o + 52. What is the remainder when 46 is divided by b?
14
Let y be (-4 + 1)/9*-3. Let h = y + 0. Let l(i) = i + 5. Calculate the remainder when l(-4) is divided by h.
0
Suppose 3*b - 2*h = 57, 5*b - 2*h - 78 = b. Calculate the remainder when 40 is divided by b.
19
Let l = -6 + 10. Suppose -5*u = 20, 7*f - 3*f - l*u = 44. Suppose b - 4 + 0 = i, -3*b - 5*i + 4 = 0. Calculate the remainder when f is divided by b.
1
Suppose h + d + 7 = 2*h, 5 = 5*d. What is the remainder when (-15)/(-30) - (-45)/2 is divided by h?
7
Let q = -19 + 31. Calculate the remainder when 17 is divided by q.
5
Let o be (-3)/(-2 + (-5)/(-4)). Suppose 18 = o*l - 22. What is the remainder when 28 is divided by l?
8
Suppose 4*r = -r + 395. Suppose 2*f - 3*n + 7*n - 40 = 0, 0 = -2*n. Calculate the remainder when r is divided by f.
19
Calculate the remainder when 37 is divided by (-14)/4*(0 - 4).
9
Suppose 133 = 5*j + 4*b, 3*j = j - 3*b + 56. What is the remainder when j is divided by 13?
12
Suppose -3*a + 3 + 51 = 0. Suppose -18 = -3*h - g + 77, 2*g - 25 = -h. What is the remainder when h is divided by a?
15
What is the remainder when 19 is divided by 120/(-45)*(-18)/8 - 1?
4
Suppose -g + 4*w = -39, 5*g = 2*w + 153 + 96. Suppose -2*a + g = -55. What is the remainder when a is divided by 18?
17
Let q = 82 + -70. Calculate the remainder when 15 is divided by q.
3
Let b(h) = -55*h - 1. What is the remainder when b(-1) is divided by 14?
12
Let m = 113 - 73. Suppose 0*p = -5*w + 2*p + 18, 1 = p. Suppose -5*y + m = 3*q, 5*q = w*y - 5*y + 8. What is the remainder when 23 is divided by y?
7
Let m(o) be the third derivative of -o**5/60 - o**4/4 - o**3/2 + o**2. Let v be m(-5). Calculate the remainder when -6*(32/(-6) + v) is divided by 11.
9
Suppose -3*k = -3 - 3. Suppose -l + w + 50 = 7, k*l = -w + 92. What is the remainder when 9 is divided by ((-4)/6)/((-6)/l)?
4
Suppose -8*s + 4*s = -100. Suppose -2*j - 2*j + 28 = 0. Calculate the remainder when s is divided by j.
4
Let d = 48 + -34. What is the remainder when 83 is divided by d?
13
Suppose -11*p = -6*p - 10. Let i(j) = -j**2 - 5*j - 4. What is the remainder when i(-3) is divided by p?
0
Let g(h) = 3*h**2 - 11*h + 2. What is the remainder when g(5) is divided by 6?
4
Let z(t) = -t**3 - 3*t**2 + 8*t + 3. Let j be z(-7). Suppose 3*m + y - 81 = -2*y, -j = -5*m - y. What is the remainder when m is divided by 10?
9
Suppose -3 = 4*l - 2*r - 13, -10 = -l - 2*r. Let z(u) = -u + 5. Let y be z(6). Let a(n) = -9*n + 1. Calculate the remainder when a(y) is divided by l.
2
Let i(r) = -r**3 - 8*r**2 + 8*r + 5. What is the remainder when (-110 - 0)*(-8)/16 is divided by i(-9)?
13
Let c = -16 - -30. Calculate the remainder when 25 is divided by c.
11
Suppose -5*h + 5*b - 10 = 0, b + 4 + 3 = 4*h. Calculate the remainder when 18 is divided by h.
0
Let s = -20 - -29. Calculate the remainder when 29 is divided by s.
2
Let k = 1 - 4. Let o = k + 10. Let s(y) = y + 13. Calculate the remainder when s(0) is divided by o.
6
Let g(t) = -4*t. Let h be g(-2). Suppose -2*s + 24 + h = -j, -4 = j. What is the remainder when (65/(-5))/(1/(-2)) is divided by s?
12
Let l = 35 + 29. What is the remainder when l is divided by 34?
30
Suppose -7 = 